{"id":22,"date":"2021-11-15T15:17:51","date_gmt":"2021-11-15T14:17:51","guid":{"rendered":"https:\/\/rusch.ch\/ferrari2\/?page_id=22"},"modified":"2021-11-22T13:13:22","modified_gmt":"2021-11-22T12:13:22","slug":"bestellformular","status":"publish","type":"page","link":"http:\/\/rusch.ch\/ferrari\/bestellformular\/","title":{"rendered":"Der M\u00f6nch, der seinen Ferrari verkaufte von Robin Sharma &#8211; Bestellformular"},"content":{"rendered":"\t\t<div data-elementor-type=\"wp-page\" data-elementor-id=\"22\" class=\"elementor elementor-22\" data-elementor-post-type=\"page\">\n\t\t\t\t\t\t<section class=\"elementor-section elementor-top-section elementor-element elementor-element-1e8e5aa elementor-section-boxed elementor-section-height-default elementor-section-height-default\" data-id=\"1e8e5aa\" data-element_type=\"section\" data-settings=\"{&quot;background_background&quot;:&quot;classic&quot;}\">\n\t\t\t\t\t\t<div class=\"elementor-container elementor-column-gap-no\">\n\t\t\t\t\t<div class=\"elementor-column elementor-col-100 elementor-top-column elementor-element elementor-element-43e2e5d\" data-id=\"43e2e5d\" data-element_type=\"column\">\n\t\t\t<div class=\"elementor-widget-wrap elementor-element-populated\">\n\t\t\t\t\t\t<section class=\"elementor-section elementor-inner-section elementor-element elementor-element-3f2c64c elementor-section-full_width elementor-section-content-middle elementor-section-height-default elementor-section-height-default\" data-id=\"3f2c64c\" data-element_type=\"section\">\n\t\t\t\t\t\t<div class=\"elementor-container elementor-column-gap-no\">\n\t\t\t\t\t<div class=\"elementor-column elementor-col-50 elementor-inner-column elementor-element elementor-element-52453c5\" data-id=\"52453c5\" data-element_type=\"column\">\n\t\t\t<div class=\"elementor-widget-wrap elementor-element-populated\">\n\t\t\t\t\t\t<div data-dce-title-color=\"#000000\" class=\"elementor-element elementor-element-cbc17ca elementor-widget elementor-widget-heading\" data-id=\"cbc17ca\" data-element_type=\"widget\" data-widget_type=\"heading.default\">\n\t\t\t\t<div class=\"elementor-widget-container\">\n\t\t\t\t\t<h1 class=\"elementor-heading-title elementor-size-default\"><span class=\"blau\">Wunderbar!<\/span> Sie haben bereits den ersten Schritt in ein sch\u00f6neres, erf\u00fcllteres und reicheres Leben getan, weil Sie den Formular-Knopf angeklickt haben.<\/h1>\t\t\t\t<\/div>\n\t\t\t\t<\/div>\n\t\t\t\t\t<\/div>\n\t\t<\/div>\n\t\t\t\t<div class=\"elementor-column elementor-col-50 elementor-inner-column elementor-element elementor-element-b86ae7d\" data-id=\"b86ae7d\" data-element_type=\"column\">\n\t\t\t<div class=\"elementor-widget-wrap elementor-element-populated\">\n\t\t\t\t\t\t<div class=\"elementor-element elementor-element-ec70533 dce_masking-none elementor-widget elementor-widget-image\" data-id=\"ec70533\" data-element_type=\"widget\" data-widget_type=\"image.default\">\n\t\t\t\t<div class=\"elementor-widget-container\">\n\t\t\t\t\t\t\t\t\t\t\t\t\t\t\t<img fetchpriority=\"high\" decoding=\"async\" width=\"600\" height=\"600\" src=\"http:\/\/rusch.ch\/ferrari\/wp-content\/uploads\/sites\/97\/2021\/11\/ferrari_robin_sharma-1.png\" class=\"attachment-full size-full wp-image-57\" alt=\"\" srcset=\"http:\/\/rusch.ch\/ferrari\/wp-content\/uploads\/sites\/97\/2021\/11\/ferrari_robin_sharma-1.png 600w, http:\/\/rusch.ch\/ferrari\/wp-content\/uploads\/sites\/97\/2021\/11\/ferrari_robin_sharma-1-300x300.png 300w, http:\/\/rusch.ch\/ferrari\/wp-content\/uploads\/sites\/97\/2021\/11\/ferrari_robin_sharma-1-150x150.png 150w, http:\/\/rusch.ch\/ferrari\/wp-content\/uploads\/sites\/97\/2021\/11\/ferrari_robin_sharma-1-125x125.png 125w\" sizes=\"(max-width: 600px) 100vw, 600px\" \/>\t\t\t\t\t\t\t\t\t\t\t\t\t\t\t<\/div>\n\t\t\t\t<\/div>\n\t\t\t\t\t<\/div>\n\t\t<\/div>\n\t\t\t\t\t<\/div>\n\t\t<\/section>\n\t\t\t\t<section class=\"elementor-section elementor-inner-section elementor-element elementor-element-fedf018 elementor-section-boxed elementor-section-height-default elementor-section-height-default\" data-id=\"fedf018\" data-element_type=\"section\">\n\t\t\t\t\t\t<div class=\"elementor-container elementor-column-gap-no\">\n\t\t\t\t\t<div class=\"elementor-column elementor-col-100 elementor-inner-column elementor-element elementor-element-ea1aa9b\" data-id=\"ea1aa9b\" data-element_type=\"column\">\n\t\t\t<div class=\"elementor-widget-wrap elementor-element-populated\">\n\t\t\t\t\t\t<div class=\"elementor-element elementor-element-0ffb0d5 dce_masking-none elementor-widget elementor-widget-video\" data-id=\"0ffb0d5\" data-element_type=\"widget\" data-settings=\"{&quot;video_type&quot;:&quot;vimeo&quot;}\" data-widget_type=\"video.default\">\n\t\t\t\t<div class=\"elementor-widget-container\">\n\t\t\t\t\t\t\t<div class=\"elementor-wrapper elementor-open-inline\">\n\t\t\t<iframe class=\"elementor-video-iframe\" allowfullscreen allow=\"clipboard-write\" title=\"vimeo Video Player\" src=\"https:\/\/player.vimeo.com\/video\/265049597?color&amp;autopause=0&amp;loop=0&amp;muted=0&amp;title=1&amp;portrait=1&amp;byline=1#t=\"><\/iframe>\t\t<\/div>\n\t\t\t\t\t\t<\/div>\n\t\t\t\t<\/div>\n\t\t\t\t\t<\/div>\n\t\t<\/div>\n\t\t\t\t\t<\/div>\n\t\t<\/section>\n\t\t\t\t<section class=\"elementor-section elementor-inner-section elementor-element elementor-element-bf512dd elementor-section-boxed elementor-section-height-default elementor-section-height-default\" data-id=\"bf512dd\" data-element_type=\"section\">\n\t\t\t\t\t\t<div class=\"elementor-container elementor-column-gap-no\">\n\t\t\t\t\t<div class=\"elementor-column elementor-col-50 elementor-inner-column elementor-element elementor-element-41f407b\" data-id=\"41f407b\" data-element_type=\"column\">\n\t\t\t<div class=\"elementor-widget-wrap elementor-element-populated\">\n\t\t\t\t\t\t<div data-dce-background-color=\"#AD1B1F\" class=\"elementor-element elementor-element-f396834 elementor-align-right elementor-widget elementor-widget-button\" data-id=\"f396834\" data-element_type=\"widget\" data-widget_type=\"button.default\">\n\t\t\t\t<div class=\"elementor-widget-container\">\n\t\t\t\t\t\t\t\t\t<div class=\"elementor-button-wrapper\">\n\t\t\t\t\t<a class=\"elementor-button elementor-button-link elementor-size-lg elementor-animation-grow\" href=\"https:\/\/rusch-shop.com\/1252\" target=\"_blank\">\n\t\t\t\t\t\t<span class=\"elementor-button-content-wrapper\">\n\t\t\t\t\t\t<span class=\"elementor-button-icon\">\n\t\t\t\t<i aria-hidden=\"true\" class=\"fas fa-angle-right\"><\/i>\t\t\t<\/span>\n\t\t\t\t\t\t\t\t\t<span class=\"elementor-button-text\"> H\u00f6rbuch als CD-Ausgabe bestellen<\/span>\n\t\t\t\t\t<\/span>\n\t\t\t\t\t<\/a>\n\t\t\t\t<\/div>\n\t\t\t\t\t\t\t\t<\/div>\n\t\t\t\t<\/div>\n\t\t\t\t\t<\/div>\n\t\t<\/div>\n\t\t\t\t<div class=\"elementor-column elementor-col-50 elementor-inner-column elementor-element elementor-element-13c979d\" data-id=\"13c979d\" data-element_type=\"column\">\n\t\t\t<div class=\"elementor-widget-wrap elementor-element-populated\">\n\t\t\t\t\t\t<div data-dce-background-color=\"#214295\" class=\"elementor-element elementor-element-6ffd02e elementor-align-left elementor-widget elementor-widget-button\" data-id=\"6ffd02e\" data-element_type=\"widget\" data-widget_type=\"button.default\">\n\t\t\t\t<div class=\"elementor-widget-container\">\n\t\t\t\t\t\t\t\t\t<div class=\"elementor-button-wrapper\">\n\t\t\t\t\t<a class=\"elementor-button elementor-button-link elementor-size-lg elementor-animation-grow\" href=\"https:\/\/rusch-shop.com\/1252-DL\">\n\t\t\t\t\t\t<span class=\"elementor-button-content-wrapper\">\n\t\t\t\t\t\t<span class=\"elementor-button-icon\">\n\t\t\t\t<i aria-hidden=\"true\" class=\"fas fa-angle-right\"><\/i>\t\t\t<\/span>\n\t\t\t\t\t\t\t\t\t<span class=\"elementor-button-text\"> H\u00f6rbuch als MP3-Download bestellen<\/span>\n\t\t\t\t\t<\/span>\n\t\t\t\t\t<\/a>\n\t\t\t\t<\/div>\n\t\t\t\t\t\t\t\t<\/div>\n\t\t\t\t<\/div>\n\t\t\t\t\t<\/div>\n\t\t<\/div>\n\t\t\t\t\t<\/div>\n\t\t<\/section>\n\t\t\t\t\t<\/div>\n\t\t<\/div>\n\t\t\t\t\t<\/div>\n\t\t<\/section>\n\t\t\t\t<section data-dce-background-color=\"#FFFFFF\" data-dce-background-overlay-image-url=\"http:\/\/rusch.ch\/ferrari2\/wp-content\/uploads\/sites\/97\/2021\/11\/white-grid-line-bg.png\" class=\"elementor-section elementor-top-section elementor-element elementor-element-5702ff3 elementor-section-boxed elementor-section-height-default elementor-section-height-default\" data-id=\"5702ff3\" data-element_type=\"section\" data-settings=\"{&quot;background_background&quot;:&quot;classic&quot;}\">\n\t\t\t\t\t\t\t<div class=\"elementor-background-overlay\"><\/div>\n\t\t\t\t\t\t\t<div class=\"elementor-container elementor-column-gap-no\">\n\t\t\t\t\t<div class=\"elementor-column elementor-col-100 elementor-top-column elementor-element elementor-element-c300655\" data-id=\"c300655\" data-element_type=\"column\">\n\t\t\t<div class=\"elementor-widget-wrap elementor-element-populated\">\n\t\t\t\t\t\t<div data-dce-text-color=\"#000000\" class=\"elementor-element elementor-element-0b11fba elementor-widget elementor-widget-text-editor\" data-id=\"0b11fba\" data-element_type=\"widget\" data-widget_type=\"text-editor.default\">\n\t\t\t\t<div class=\"elementor-widget-container\">\n\t\t\t\t\t\t\t\t\tSie werden es geniessen, das H\u00f6rbuch\u00a0<strong>\u00bbDer M\u00f6nch, der seinen Ferrari verkaufte\u00ab<\/strong>\u00a0anzuh\u00f6ren. Wie Sie wissen, wurde dieses H\u00f6rbuch mit insgesamt zw\u00f6lf Schauspielern anspruchsvoll aufgenommen. Sie werden von dem inhaltsstarken und hochwertig produzierten H\u00f6rbuch total begeistert sein! Und vor allem wird es Ihr Leben sehr positiv ver\u00e4ndern.<br \/><br \/><span class=\"blau\"><strong>Und noch eine erfreuliche \u00dcberraschung:<\/strong><\/span>\u00a0Der Rusch Verlag hat den Preis f\u00fcr diesen Millionen-Bestseller mit nur \u20ac 97,\u2013 sehr g\u00fcnstig angesetzt. So kann sich wirklich jeder Interessierte dieses H\u00f6rbuch leisten.<br \/><br \/>Bestellen Sie deshalb gleich jetzt Ihr Exemplar indem Sie auf den Knopf mit der Bezeichnung \u00bbIn den Warenkorb\u00ab klicken.<br \/><br \/>Sie landen dann im Rusch-Shop, wo Sie mit einem weiteren Knopfdruck dieses H\u00f6rbuch bestellen k\u00f6nnen.<br \/><br \/>Der Rusch-Shop bietet Ihnen \u00fcbrigens den zus\u00e4tzlichen Vorteil, dass Sie\u00a0<span class=\"marker\">ein wertvolles Gratis-Geschenk<\/span>\u00a0ab einem Bestellwert von \u20ac 110,\u2013 erhalten und ein weiteres Gratis-Geschenk ab einem Bestellwert von \u20ac 250,\u2013. Daher ist es bestimmt eine gute Idee, noch ein weiteres H\u00f6rbuch mitzubestellen \u2013 vielleicht einen anderen Millionen-Bestseller. Hierf\u00fcr gibt es links im Shop die Rubrik \u00bbMillionen-Bestseller\u00ab.\n<br \/><br \/>\n<span class=\"rot\">Zudem erhalten Sie von uns gratis die CD \u00bbWow!-Strategien aus 14 Bestseller-H\u00f6rb\u00fcchern\u00ab<\/span>\u00a0im Wert von \u20ac 12,90. Kostenlos!<br \/><br \/>\u00dcbrigens, wenn Sie\u00a0<a href=\"http:\/\/www.alexrusch.com\/maximum\/\" target=\"_blank\" rel=\"noopener\">Mitglied der \u00bbStufen zu grossem Erfolg\u00ab<\/a>\u00a0des Alex Rusch Instituts sind, erhalten Sie auf dieses H\u00f6rbuch zwischen 10 und 50 Prozent Rabatt \u2013 je nach Mitgliedschaftsstufe.<br \/><br \/>Bereichern Sie Ihr Leben, indem Sie dieses H\u00f6rbuch gleich jetzt in den Warenkorb legen. Bereits nach zwei bis f\u00fcnf Tagen erhalten Sie Ihr H\u00f6rbuch.\t\t\t\t\t\t\t\t<\/div>\n\t\t\t\t<\/div>\n\t\t\t\t<section class=\"elementor-section elementor-inner-section elementor-element elementor-element-af8271f elementor-section-boxed elementor-section-height-default elementor-section-height-default\" data-id=\"af8271f\" data-element_type=\"section\">\n\t\t\t\t\t\t<div class=\"elementor-container elementor-column-gap-no\">\n\t\t\t\t\t<div class=\"elementor-column elementor-col-50 elementor-inner-column elementor-element elementor-element-b6a0ae9\" data-id=\"b6a0ae9\" data-element_type=\"column\">\n\t\t\t<div class=\"elementor-widget-wrap elementor-element-populated\">\n\t\t\t\t\t\t<div data-dce-background-color=\"#AD1B1F\" class=\"elementor-element elementor-element-52e4ec9 elementor-align-right elementor-widget elementor-widget-button\" data-id=\"52e4ec9\" data-element_type=\"widget\" data-widget_type=\"button.default\">\n\t\t\t\t<div class=\"elementor-widget-container\">\n\t\t\t\t\t\t\t\t\t<div class=\"elementor-button-wrapper\">\n\t\t\t\t\t<a class=\"elementor-button elementor-button-link elementor-size-lg elementor-animation-grow\" href=\"https:\/\/rusch-shop.com\/1252\" target=\"_blank\">\n\t\t\t\t\t\t<span class=\"elementor-button-content-wrapper\">\n\t\t\t\t\t\t<span class=\"elementor-button-icon\">\n\t\t\t\t<i aria-hidden=\"true\" class=\"fas fa-angle-right\"><\/i>\t\t\t<\/span>\n\t\t\t\t\t\t\t\t\t<span class=\"elementor-button-text\"> H\u00f6rbuch als CD-Ausgabe bestellen<\/span>\n\t\t\t\t\t<\/span>\n\t\t\t\t\t<\/a>\n\t\t\t\t<\/div>\n\t\t\t\t\t\t\t\t<\/div>\n\t\t\t\t<\/div>\n\t\t\t\t\t<\/div>\n\t\t<\/div>\n\t\t\t\t<div class=\"elementor-column elementor-col-50 elementor-inner-column elementor-element elementor-element-7870273\" data-id=\"7870273\" data-element_type=\"column\">\n\t\t\t<div class=\"elementor-widget-wrap elementor-element-populated\">\n\t\t\t\t\t\t<div data-dce-background-color=\"#214295\" class=\"elementor-element elementor-element-70b90cb elementor-align-left elementor-widget elementor-widget-button\" data-id=\"70b90cb\" data-element_type=\"widget\" data-widget_type=\"button.default\">\n\t\t\t\t<div class=\"elementor-widget-container\">\n\t\t\t\t\t\t\t\t\t<div class=\"elementor-button-wrapper\">\n\t\t\t\t\t<a class=\"elementor-button elementor-button-link elementor-size-lg elementor-animation-grow\" href=\"https:\/\/rusch-shop.com\/1252-DL\">\n\t\t\t\t\t\t<span class=\"elementor-button-content-wrapper\">\n\t\t\t\t\t\t<span class=\"elementor-button-icon\">\n\t\t\t\t<i aria-hidden=\"true\" class=\"fas fa-angle-right\"><\/i>\t\t\t<\/span>\n\t\t\t\t\t\t\t\t\t<span class=\"elementor-button-text\"> H\u00f6rbuch als MP3-Download bestellen<\/span>\n\t\t\t\t\t<\/span>\n\t\t\t\t\t<\/a>\n\t\t\t\t<\/div>\n\t\t\t\t\t\t\t\t<\/div>\n\t\t\t\t<\/div>\n\t\t\t\t\t<\/div>\n\t\t<\/div>\n\t\t\t\t\t<\/div>\n\t\t<\/section>\n\t\t\t\t\t<\/div>\n\t\t<\/div>\n\t\t\t\t\t<\/div>\n\t\t<\/section>\n\t\t\t\t<\/div>\n\t\t","protected":false},"excerpt":{"rendered":"<p>Wunderbar! Sie haben bereits den ersten Schritt in ein sch\u00f6neres, erf\u00fcllteres und reicheres Leben getan, weil Sie den Formular-Knopf angeklickt haben. H\u00f6rbuch als CD-Ausgabe bestellen H\u00f6rbuch als MP3-Download bestellen Sie werden es geniessen, das H\u00f6rbuch\u00a0\u00bbDer M\u00f6nch, der seinen Ferrari verkaufte\u00ab\u00a0anzuh\u00f6ren. Wie Sie wissen, wurde dieses H\u00f6rbuch mit insgesamt zw\u00f6lf Schauspielern anspruchsvoll aufgenommen. Sie werden von [&hellip;]<\/p>\n","protected":false},"author":22,"featured_media":0,"parent":0,"menu_order":0,"comment_status":"closed","ping_status":"closed","template":"elementor_header_footer","meta":{"_acf_changed":false,"footnotes":""},"class_list":["post-22","page","type-page","status-publish","hentry"],"acf":[],"_links":{"self":[{"href":"http:\/\/rusch.ch\/ferrari\/wp-json\/wp\/v2\/pages\/22","targetHints":{"allow":["GET"]}}],"collection":[{"href":"http:\/\/rusch.ch\/ferrari\/wp-json\/wp\/v2\/pages"}],"about":[{"href":"http:\/\/rusch.ch\/ferrari\/wp-json\/wp\/v2\/types\/page"}],"author":[{"embeddable":true,"href":"http:\/\/rusch.ch\/ferrari\/wp-json\/wp\/v2\/users\/22"}],"replies":[{"embeddable":true,"href":"http:\/\/rusch.ch\/ferrari\/wp-json\/wp\/v2\/comments?post=22"}],"version-history":[{"count":0,"href":"http:\/\/rusch.ch\/ferrari\/wp-json\/wp\/v2\/pages\/22\/revisions"}],"wp:attachment":[{"href":"http:\/\/rusch.ch\/ferrari\/wp-json\/wp\/v2\/media?parent=22"}],"curies":[{"name":"wp","href":"https:\/\/api.w.org\/{rel}","templated":true}]}}